d by 7845?
236
Calculate the remainder when 6649175 is divided by 2216383.
26
What is the remainder when 531766 is divided by 531748?
18
Calculate the remainder when 87839 is divided by 17374.
969
What is the remainder when 147582630 is divided by 113?
110
Calculate the remainder when 30486 is divided by 9921.
723
What is the remainder when 14070363 is divided by 1816?
1811
Calculate the remainder when 4355287 is divided by 106.
65
Calculate the remainder when 216305 is divided by 108073.
159
Calculate the remainder when 41465002 is divided by 5.
2
What is the remainder when 10927581 is divided by 124177?
5
What is the remainder when 39686 is divided by 9655?
1066
What is the remainder when 52260404 is divided by 6532550?
4
Calculate the remainder when 2596 is divided by 944.
708
Calculate the remainder when 271369 is divided by 10853.
44
Calculate the remainder when 264751 is divided by 4565.
4546
Calculate the remainder when 175918 is divided by 3613.
2494
Calculate the remainder when 8169190 is divided by 907687.
7
Calculate the remainder when 45140562 is divided by 66.
60
Calculate the remainder when 53121318 is divided by 2896.
2886
Calculate the remainder when 5304456 is divided by 53580.
36
What is the remainder when 8097046 is divided by 622802?
620
Calculate the remainder when 105902563 is divided by 105902556.
7
Calculate the remainder when 366307 is divided by 3423.
46
What is the remainder when 9739962 is divided by 69?
60
Calculate the remainder when 206465 is divided by 68.
17
What is the remainder when 2746231 is divided by 4502?
11
Calculate the remainder when 682362 is divided by 139.
11
Calculate the remainder when 143149 is divided by 2309.
2300
What is the remainder when 114179 is divided by 1310?
209
What is the remainder when 124059 is divided by 40551?
2406
Calculate the remainder when 895529 is divided by 63953.
187
Calculate the remainder when 432211 is divided by 53.
49
What is the remainder when 27354 is divided by 5723?
4462
Calculate the remainder when 2116448 is divided by 387.
332
Calculate the remainder when 14288182 is divided by 549.
457
What is the remainder when 369687 is divided by 28367?
916
What is the remainder when 2231067 is divided by 62?
59
What is the remainder when 197721 is divided by 2326?
11
Calculate the remainder when 46261107 is divided by 5504.
5491
What is the remainder when 2214819 is divided by 257?
250
Calculate the remainder when 1951640 is divided by 7284.
6812
What is the remainder when 9477753 is divided by 2083?
103
What is the remainder when 74519 is divided by 464?
279
Calculate the remainder when 2839211 is divided by 2394.
2321
Calculate the remainder when 3630908 is divided by 1902.
1892
What is the remainder when 18173529 is divided by 2271691?
1
Calculate the remainder when 24756859 is divided by 73029.
28
What is the remainder when 16330287 is divided by 16?
15
What is the remainder when 5211026 is divided by 77775?
101
Calculate the remainder when 36015 is divided by 201.
36
Calculate the remainder when 3113649 is divided by 232.
209
What is the remainder when 439975 is divided by 468?
55
What is the remainder when 5233811 is divided by 9280?
9171
What is the remainder when 9573880 is divided by 465?
460
Calculate the remainder when 108553131 is divided by 6.
3
What is the remainder when 708413 is divided by 4346?
15
Calculate the remainder when 27061 is divided by 751.
25
What is the remainder when 9238156 is divided by 201?
196
What is the remainder when 239048 is divided by 119438?
172
What is the remainder when 20574530 is divided by 197832?
2
What is the remainder when 4826720 is divided by 1301?
10
What is the remainder when 7058770 is divided by 36?
34
What is the remainder when 3689960 is divided by 194208?
8
What is the remainder when 54430390 is divided by 6?
4
Calculate the remainder when 99674607 is divided by 176728.
15
Calculate the remainder when 142442 is divided by 141725.
717
Calculate the remainder when 361980 is divided by 13405.
45
Calculate the remainder when 46623665 is divided by 453.
452
Calculate the remainder when 434556 is divided by 6688.
6524
Calculate the remainder when 122926303 is divided by 67.
63
Calculate the remainder when 1918338 is divided by 95.
3
What is the remainder when 41214719 is divided by 40?
39
Calculate the remainder when 17917342 is divided by 9.
7
Calculate the remainder when 128483 is divided by 93.
50
Calculate the remainder when 49664 is divided by 24686.
292
What is the remainder when 16192 is divided by 14238?
1954
What is the remainder when 56310 is divided by 2708?
2150
Calculate the remainder when 76513 is divided by 2313.
184
Calculate the remainder when 74430 is divided by 16.
14
Calculate the remainder when 28389948 is divided by 102.
84
Calculate the remainder when 1136161 is divided by 338.
143
What is the remainder when 313652 is divided by 52274?
8
Calculate the remainder when 25755406 is divided by 125636.
26
What is the remainder when 520877 is divided by 49?
7
Calculate the remainder when 162078 is divided by 5140.
2738
Calculate the remainder when 25800 is divided by 1593.
312
What is the remainder when 61181004 is divided by 870?
864
What is the remainder when 25095740 is divided by 3008?
3004
What is the remainder when 1062555 is divided by 132816?
27
What is the remainder when 2589907 is divided by 19?
17
Calculate the remainder when 5295125 is divided by 34162.
15
Calculate the remainder when 9926318 is divided by 16380.
38
Calculate the remainder when 32787060 is divided by 230.
100
What is the remainder when 427768 is divided by 887?
234
What is the remainder when 13272664 is divided by 56964?
52
Calculate the remainder when 43040571 is divided by 8608113.
6
Calculate the remainder when 382745 is divided by 2835.
20
Calculate the remainder when 1598690 is divided by 532886.
32
Calculate the remainder when 3883746 is divided by 3503.
2422
What is the remainder when 328966 is divided by 2253?
28
What is the remainder when 2834385 is divided by 17178?
15
Calculate the remainder when 783839 is divided by 19117.
42
Calculate the remainder when 12092922 is divided by 4689.
4680
Calculate the remainder when 24621 is divided by 102.
39
Calculate the remainder when 164751 is divided by 779.
382
What is the remainder when 2105044 is divided by 12380?
444
What is the remainder when 999471 is divided by 308?
11
Calculate the remainder when 5950257 is divided by 716.
297
What is the remainder when 7678691 is divided by 36?
35
What is the remainder when 553075 is divided by 184190?
505
What is the remainder when 822294 is divided by 3413?
3174
What is the remainder when 156079 is divided by 7332?
2107
Calculate the remainder when 3495158 is divided by 36791.
13
Calculate the remainder when 4111786 is divided by 164468.
86
Calculate the remainder when 495092 is divided by 3868.
3856
What is the remainder when 6132075 is divided by 23?
22
Calculate the remainder when 4154867 is divided by 189.
80
Calculate the remainder when 465308 is divided by 42297.
41
What is the remainder when 558080 is divided by 111532?
420
What is the remainder when 11041748 is divided by 50?
48
What is the remainder when 170565593 is divided by 200?
193
What is the remainder when 590196 is divided by 915?
21
Calculate the remainder when 41189 is divided by 20485.
219
Calculate the remainder when 31467193 is divided by 3689.
23
What is the remainder when 3312495 is divided by 1102?
985
Calculate the remainder when 8658025 is divided by 360750.
25
Calculate the remainder when 22476 is divided by 10843.
790
Calculate the remainder when 45903044 is divided by 11.
0
What is the remainder when 31166 is divided by 2087?
1948
Calculate the remainder when 303235 is divided by 98572.
7519
What is the remainder when 73149 is divided by 16303?
7937
Calculate the remainder when 3832243 is divided by 1389.
1381
What is the remainder when 25821068 is divided by 3847?
4
What is the remainder when 1552196 is divided by 2152?
604
What is the remainder when 126868 is divided by 111?
106
Calculate the remainder when 180629601 is divided by 36.
33
Calculate the remainder when 27377 is divided by 8470.
1967
Calculate the remainder when 10564 is divided by